{"id":1704,"date":"2011-01-27T21:48:06","date_gmt":"2011-01-27T21:48:06","guid":{"rendered":"http:\/\/www.cultura21.net\/"},"modified":"2024-04-02T10:46:54","modified_gmt":"2024-04-02T08:46:54","slug":"a-propos-du-reseau","status":"publish","type":"page","link":"https:\/\/www.cultura21.net\/fr\/a-propos-du-reseau\/","title":{"rendered":"A propos du r\u00e9seau"},"content":{"rendered":"\n<p>Cultura21 est un r\u00e9seau transversal, translocal, compos\u00e9 d&#8217;un si\u00e8ge international et de plusieurs branches \u00e0 base nationale.<\/p>\n\n\n\n<h2 class=\"wp-block-heading\">Comment naviguer sur le portail Internet de Cultura21<\/h2>\n\n\n\n<p>Pour trouver notre s\u00e9lection d&#8217;infos sur les arts, les cultures et la soutenabilit\u00e9 \u00e0 travers le monde, <a title=\"Blog-fr\" href=\"https:\/\/www.cultura21.net\/fr\/blog-fr\/\">visitez la section &#8220;blog&#8221;<\/a> du pr\u00e9sent site web. Pour trouver les activit\u00e9s propres de notre r\u00e9seau, <a href=\"https:\/\/www.cultura21.net\/fr\/category\/c21news-fr\/\">visitez les &#8220;actualit\u00e9s C21&#8221;<\/a>.<\/p>\n\n\n\n<p>Pour trouver toutes les actualit\u00e9s de Cultura21 et toutes nos infos internationales, <strong>veuillez visiter<\/strong> lesdites sections du site web <strong>dans toutes les langues disponibles<\/strong> (Anglais, Allemand, Espagnol, etc.). La plupart de nos infos ne sont pas traduites en Francais!<\/p>\n\n\n\n<h2 class=\"wp-block-heading\">Le R\u00e9seau International Cultura21<\/h2>\n\n\n\n<p>Le r\u00e9seau international Cultura21, lanc\u00e9 en avril 2007, repr\u00e9sente une plateforme d&#8217;\u00e9changes en ligne et d&#8217;apprentissage mutuel. Ses membres ont aussi l&#8217;occasion de se rencontrer dans le cadre de projets concrets. Parmi les r\u00e9alisations pass\u00e9es et en cours se trouvent:<\/p>\n\n\n\n<ul>\n<li>En ligne: une <a href=\"http:\/\/listi.jpberlin.de\/mailman\/listinfo\/international\" target=\"_blank\" rel=\"noopener\">mailing-list<\/a>, une plateforme <a href=\"http:\/\/www.cultura21.net\/dokuwiki\/doku.php\" target=\"_blank\" rel=\"noopener\">wiki<\/a>, un <a href=\"http:\/\/magazin.cultura21.de\/english\" target=\"_blank\" rel=\"noopener\">web-magazine<\/a>, le r\u00e9seau <a href=\"http:\/\/assist2010.ning.com\/\" target=\"_blank\" rel=\"noopener\">NI<\/a><a href=\"http:\/\/assist2010.ning.com\/\" target=\"_blank\" rel=\"noopener\">NG<\/a> \u00e0 propos de l&#8217;Universit\u00e9 d&#8217;Et\u00e9 ASSiST (ainsi que d&#8217;autres r\u00e9seaux sociaux au sein desquels nous sommes pr\u00e9sents); enfin, le pr\u00e9sent site et son <a href=\"http:\/\/www.cultura21.net\/forum\/\" target=\"_blank\" rel=\"noopener\">forum<\/a>.<\/li>\n\n\n\n<li>Autres projets: organisation d&#8217;\u00e9v\u00e9nements internationaux, en g\u00e9n\u00e9ral en collaboration avec d&#8217;autres organisations et r\u00e9seaux, dont la<a href=\"http:\/\/www.cultura21.net\/activites\/workshops\/the-cultural-dimension-of-sustainability-towards-an-ecology-of-culture\/\" target=\"_blank\" rel=\"noopener\"> Bi\u00e9nale de Venise en 2007<\/a>, la rencontre \u00e0 l&#8217;Acad\u00e9mie Centrale des Beaux-Arts de <a href=\"http:\/\/www.cultura21.net\/activites\/conferences\/asia-europe-dialogue-on-arts-culture-and-climate-change\/\" target=\"_blank\" rel=\"noopener\">P\u00e9kin en 2008<\/a> (avec la Fondation Asie-Europe ), un \u00e9v\u00e9nement en parall\u00e8le de la Conf\u00e9rence des Nations-Unies sur le Climat \u00e0 Copenhague en 2009 (Conf\u00e9rence <a href=\"http:\/\/www.cultura21.net\/activites\/conferences\/culturefutures\/\" target=\"_blank\" rel=\"noopener\">&#8220;Culture|Futures&#8221;<\/a>) et le lancement de la premi\u00e8re \u00e9dition de l&#8217;Universit\u00e9 d\u2019Et\u00e9 de Cultura21, &#8220;the International Summer School of Arts and Sciences for Sustainability in Social Transformation&#8221; (<a href=\"http:\/\/www.cultura21.net\/activites\/workshops\/international-summer-school-of-arts-and-sciences-for-sustainability-in-social-transformation-assist\/\" target=\"_blank\" rel=\"noopener\">ASSiST<\/a>, \u00e0 Gabrovo, Bulgarie) en 2010.<\/li>\n<\/ul>\n\n\n\n<h3 class=\"wp-block-heading\">Equipe de coordination du R\u00e9seau International<\/h3>\n\n\n\n<p>Les activit\u00e9s de Cultura21 au niveau international sont coordonn\u00e9es par une \u00e9quipe repr\u00e9sentant les diff\u00e9rentes branches de Cultura21 \u00e0 travers le monde, et est \u00e0 pr\u00e9sent constitu\u00e9e de:<\/p>\n\n\n\n<ul>\n<li>Sacha Kagan (bas\u00e9 \u00e0 L\u00fcneburg, Allemagne) et Rana \u00d6zt\u00fcrk (bas\u00e9e \u00e0&nbsp; Berlin)<\/li>\n\n\n\n<li>Oleg Koefoed et Kajsa Paludan (bas\u00e9s \u00e0 Copenhague)<\/li>\n\n\n\n<li>Hans Dieleman (bas\u00e9 \u00e0 Mexico)<\/li>\n\n\n\n<li>Francesca Cozzolino et David Knaute (bas\u00e9s \u00e0 Paris et \u00e0 Bujumbura)<\/li>\n<\/ul>\n\n\n\n<h2 class=\"wp-block-heading\">Les branches de Cultura21<\/h2>\n\n\n\n<p>Cultura21 ne repr\u00e9sente pas seulement un r\u00e9seau informel. Sa force et sa vitalit\u00e9 reposent sur les activit\u00e9s de ses diff\u00e9rentes branches \u00e0 travers le monde, qui partagent la m\u00eame vision et mission:<\/p>\n\n\n\n<ul>\n<li>En Allemagne, o\u00f9 Cultura21 a tout d&#8217;abord \u00e9merg\u00e9 en 2005, l&#8217;organisation &#8216;Cultura21 Institut eV&#8217; soutient le r\u00e9seau Cultura21 de langue allemande. <em>Voir la versio<\/em><em>n <\/em><em>allema<\/em><em>nde du site pour de plus amples d\u00e9tails.<\/em><\/li>\n\n\n\n<li>Au Mexique<em>,<\/em> C21MEX est active depuis 2007. <em>Voir la versio<\/em><em>n<\/em><em> espag<\/em><em>nole <\/em><em>du site pour de <\/em><em>plus amples <\/em><em>d\u00e9tails.<\/em><\/li>\n\n\n\n<li>En Italie, un r\u00e9seau Cultura21 a \u00e9t\u00e9 actif de 2007 \u00e0 2009.<\/li>\n\n\n\n<li>En Scandinavie, <a href=\"http:\/\/cultura21.dk\/\" target=\"_blank\" rel=\"noopener\">Cultura21 Nordic<\/a> a \u00e9t\u00e9 fond\u00e9e en 2009, avec un si\u00e8ge principal \u00e0 Copenhague (Danemark).<\/li>\n\n\n\n<li>En France, l&#8217;opportunit\u00e9 du lancement d&#8217;une branche de Cultura21 en langue fran\u00e7aise a \u00e9t\u00e9 discut\u00e9e \u00e0 Paris en novembre 2010 avec diff\u00e9rents acteurs du secteur culturel et associatif, mais sans donner lieu par la suite \u00e0 la cr\u00e9ation d&#8217;un r\u00e9seau francophone. <em>Pour le moment, le pr\u00e9sent site web (et certains de nos eBooks) est la seule ressource francophone<\/em><em> que procure Cultura21. <\/em><\/li>\n<\/ul>\n","protected":false},"excerpt":{"rendered":"<p>Cultura21 est un r\u00e9seau transversal, translocal, compos\u00e9 d&#8217;un si\u00e8ge international et de plusieurs branches \u00e0 base nationale. Comment naviguer sur le portail Internet de Cultura21 Pour trouver notre s\u00e9lection d&#8217;infos sur les arts, les cultures et la soutenabilit\u00e9 \u00e0 travers le monde, visitez la section &#8220;blog&#8221; du pr\u00e9sent site web. Pour trouver les activit\u00e9s propres&hellip; <a class=\"more-link\" href=\"https:\/\/www.cultura21.net\/fr\/a-propos-du-reseau\/\">Continue reading <span class=\"screen-reader-text\">A propos du r\u00e9seau<\/span><\/a><\/p>\n","protected":false},"author":15,"featured_media":0,"parent":0,"menu_order":1,"comment_status":"closed","ping_status":"closed","template":"","meta":{"footnotes":""},"_links":{"self":[{"href":"https:\/\/www.cultura21.net\/fr\/wp-json\/wp\/v2\/pages\/1704"}],"collection":[{"href":"https:\/\/www.cultura21.net\/fr\/wp-json\/wp\/v2\/pages"}],"about":[{"href":"https:\/\/www.cultura21.net\/fr\/wp-json\/wp\/v2\/types\/page"}],"author":[{"embeddable":true,"href":"https:\/\/www.cultura21.net\/fr\/wp-json\/wp\/v2\/users\/15"}],"replies":[{"embeddable":true,"href":"https:\/\/www.cultura21.net\/fr\/wp-json\/wp\/v2\/comments?post=1704"}],"version-history":[{"count":1,"href":"https:\/\/www.cultura21.net\/fr\/wp-json\/wp\/v2\/pages\/1704\/revisions"}],"predecessor-version":[{"id":15986,"href":"https:\/\/www.cultura21.net\/fr\/wp-json\/wp\/v2\/pages\/1704\/revisions\/15986"}],"wp:attachment":[{"href":"https:\/\/www.cultura21.net\/fr\/wp-json\/wp\/v2\/media?parent=1704"}],"curies":[{"name":"wp","href":"https:\/\/api.w.org\/{rel}","templated":true}]}}

A propos du réseau

<p>Cultura21 est un réseau transversal, translocal, composé d&#8217;un siège international et de plusieurs branches à base nationale.</p>



<h2 class="wp-block-heading">Comment naviguer sur le portail Internet de Cultura21</h2>



<p>Pour trouver notre sélection d&#8217;infos sur les arts, les cultures et la soutenabilité à travers le monde, <a title="Blog-fr" href="https://www.cultura21.net/fr/blog-fr/">visitez la section &#8220;blog&#8221;</a> du présent site web. Pour trouver les activités propres de notre réseau, <a href="https://www.cultura21.net/fr/category/c21news-fr/">visitez les &#8220;actualités C21&#8221;</a>.</p>



<p>Pour trouver toutes les actualités de Cultura21 et toutes nos infos internationales, <strong>veuillez visiter</strong> lesdites sections du site web <strong>dans toutes les langues disponibles</strong> (Anglais, Allemand, Espagnol, etc.). La plupart de nos infos ne sont pas traduites en Francais!</p>



<h2 class="wp-block-heading">Le Réseau International Cultura21</h2>



<p>Le réseau international Cultura21, lancé en avril 2007, représente une plateforme d&#8217;échanges en ligne et d&#8217;apprentissage mutuel. Ses membres ont aussi l&#8217;occasion de se rencontrer dans le cadre de projets concrets. Parmi les réalisations passées et en cours se trouvent:</p>



<ul>
<li>En ligne: une <a href="http://listi.jpberlin.de/mailman/listinfo/international" target="_blank" rel="noopener">mailing-list</a>, une plateforme <a href="http://www.cultura21.net/dokuwiki/doku.php" target="_blank" rel="noopener">wiki</a>, un <a href="http://magazin.cultura21.de/english" target="_blank" rel="noopener">web-magazine</a>, le réseau <a href="http://assist2010.ning.com/" target="_blank" rel="noopener">NI</a><a href="http://assist2010.ning.com/" target="_blank" rel="noopener">NG</a> à propos de l&#8217;Université d&#8217;Eté ASSiST (ainsi que d&#8217;autres réseaux sociaux au sein desquels nous sommes présents); enfin, le présent site et son <a href="http://www.cultura21.net/forum/" target="_blank" rel="noopener">forum</a>.</li>



<li>Autres projets: organisation d&#8217;événements internationaux, en général en collaboration avec d&#8217;autres organisations et réseaux, dont la<a href="http://www.cultura21.net/activites/workshops/the-cultural-dimension-of-sustainability-towards-an-ecology-of-culture/" target="_blank" rel="noopener"> Biénale de Venise en 2007</a>, la rencontre à l&#8217;Académie Centrale des Beaux-Arts de <a href="http://www.cultura21.net/activites/conferences/asia-europe-dialogue-on-arts-culture-and-climate-change/" target="_blank" rel="noopener">Pékin en 2008</a> (avec la Fondation Asie-Europe ), un événement en parallèle de la Conférence des Nations-Unies sur le Climat à Copenhague en 2009 (Conférence <a href="http://www.cultura21.net/activites/conferences/culturefutures/" target="_blank" rel="noopener">&#8220;Culture|Futures&#8221;</a>) et le lancement de la première édition de l&#8217;Université d’Eté de Cultura21, &#8220;the International Summer School of Arts and Sciences for Sustainability in Social Transformation&#8221; (<a href="http://www.cultura21.net/activites/workshops/international-summer-school-of-arts-and-sciences-for-sustainability-in-social-transformation-assist/" target="_blank" rel="noopener">ASSiST</a>, à Gabrovo, Bulgarie) en 2010.</li>
</ul>



<h3 class="wp-block-heading">Equipe de coordination du Réseau International</h3>



<p>Les activités de Cultura21 au niveau international sont coordonnées par une équipe représentant les différentes branches de Cultura21 à travers le monde, et est à présent constituée de:</p>



<ul>
<li>Sacha Kagan (basé à Lüneburg, Allemagne) et Rana Öztürk (basée à&nbsp; Berlin)</li>



<li>Oleg Koefoed et Kajsa Paludan (basés à Copenhague)</li>



<li>Hans Dieleman (basé à Mexico)</li>



<li>Francesca Cozzolino et David Knaute (basés à Paris et à Bujumbura)</li>
</ul>



<h2 class="wp-block-heading">Les branches de Cultura21</h2>



<p>Cultura21 ne représente pas seulement un réseau informel. Sa force et sa vitalité reposent sur les activités de ses différentes branches à travers le monde, qui partagent la même vision et mission:</p>



<ul>
<li>En Allemagne, où Cultura21 a tout d&#8217;abord émergé en 2005, l&#8217;organisation &#8216;Cultura21 Institut eV&#8217; soutient le réseau Cultura21 de langue allemande. <em>Voir la versio</em><em>n </em><em>allema</em><em>nde du site pour de plus amples détails.</em></li>



<li>Au Mexique<em>,</em> C21MEX est active depuis 2007. <em>Voir la versio</em><em>n</em><em> espag</em><em>nole </em><em>du site pour de </em><em>plus amples </em><em>détails.</em></li>



<li>En Italie, un réseau Cultura21 a été actif de 2007 à 2009.</li>



<li>En Scandinavie, <a href="http://cultura21.dk/" target="_blank" rel="noopener">Cultura21 Nordic</a> a été fondée en 2009, avec un siège principal à Copenhague (Danemark).</li>



<li>En France, l&#8217;opportunité du lancement d&#8217;une branche de Cultura21 en langue française a été discutée à Paris en novembre 2010 avec différents acteurs du secteur culturel et associatif, mais sans donner lieu par la suite à la création d&#8217;un réseau francophone. <em>Pour le moment, le présent site web (et certains de nos eBooks) est la seule ressource francophone</em><em> que procure Cultura21. </em></li>
</ul>

<p>Cultura21 est un réseau transversal, translocal, composé d&#8217;un siège international et de plusieurs branches à base nationale. Comment naviguer sur le portail Internet de Cultura21 Pour trouver notre sélection d&#8217;infos sur les arts, les cultures et la soutenabilité à travers le monde, visitez la section &#8220;blog&#8221; du présent site web. Pour trouver les activités propres&hellip; <a class="more-link" href="https://www.cultura21.net/fr/a-propos-du-reseau/">Continue reading <span class="screen-reader-text">A propos du réseau</span></a></p>
